{"id":1927,"date":"2022-11-02T11:19:41","date_gmt":"2022-11-02T11:19:41","guid":{"rendered":"https:\/\/demographie.parisnanterre.fr\/staging\/?page_id=1927"},"modified":"2022-11-15T15:53:28","modified_gmt":"2022-11-15T15:53:28","slug":"temoignages","status":"publish","type":"page","link":"https:\/\/demographie.parisnanterre.fr\/staging\/temoignages\/","title":{"rendered":"T\u00e9moignages"},"content":{"rendered":"<style id=\"kt-blocks_dfe9ca-c9\">.kt-post-loop_dfe9ca-c9 .kadence-post-image{padding-top:0px;padding-right:30px;padding-bottom:10px;padding-left:0px;}.kt-post-loop_dfe9ca-c9 .kt-feat-image-align-left{grid-template-columns:40% auto;}.kt-post-loop_dfe9ca-c9 .kt-post-grid-wrap{gap:30px 30px;}.kt-post-loop_dfe9ca-c9 .kt-blocks-post-grid-item{border-top-width:0px;border-right-width:0px;border-bottom-width:0px;border-left-width:0px;border-top-left-radius:0px;border-top-right-radius:0px;border-bottom-right-radius:0px;border-bottom-left-radius:0px;}.kt-post-loop_dfe9ca-c9 .kt-blocks-post-grid-item .kt-blocks-post-grid-item-inner{padding-top:0px;padding-right:0px;padding-bottom:0px;padding-left:0px;}.kt-post-loop_dfe9ca-c9 .kt-blocks-post-grid-item header{padding-top:0px;padding-right:0px;padding-bottom:10px;padding-left:0px;margin-top:0px;margin-right:0px;margin-bottom:0px;margin-left:0px;}.kt-post-loop_dfe9ca-c9 .kt-blocks-post-grid-item .kt-blocks-above-categories{font-size:13px;line-height:20px;text-transform:uppercase;}.kt-post-loop_dfe9ca-c9 .kt-blocks-post-grid-item .entry-title{padding-top:5px;padding-right:0px;padding-bottom:0px;padding-left:0px;margin-top:0px;margin-right:0px;margin-bottom:0px;margin-left:0px;font-size:24px;line-height:30px;}.kt-post-loop_dfe9ca-c9 .entry-content{padding-top:0px;padding-right:0px;padding-bottom:0px;padding-left:0px;margin-top:0px;margin-right:0px;margin-bottom:0px;margin-left:0px;font-size:14px;line-height:24px;}.kt-post-loop_dfe9ca-c9 .kt-blocks-post-footer{border-top-width:0px;border-right-width:0px;border-bottom-width:0px;border-left-width:0px;padding-top:0px;padding-right:0px;padding-bottom:0px;padding-left:0px;margin-top:0px;margin-right:0px;margin-bottom:0px;margin-left:0px;font-size:12px;line-height:20px;text-transform:uppercase;}.kt-post-loop_dfe9ca-c9 .entry-content:after{height:0px;}.kt-post-loop_dfe9ca-c9 .kb-filter-item{border-top-width:0px;border-right-width:0px;border-bottom-width:2px;border-left-width:0px;padding-top:5px;padding-right:8px;padding-bottom:5px;padding-left:8px;margin-top:0px;margin-right:10px;margin-bottom:0px;margin-left:0px;}<\/style><div class=\"wp-block-kadence-postgrid kt-blocks-post-loop-block alignnone kt-post-loop_dfe9ca-c9 kt-post-grid-layout-grid \"><div class=\"kt-post-grid-layout-grid-wrap kt-post-grid-wrap\" data-columns-xxl=\"1\" data-columns-xl=\"1\" data-columns-md=\"1\" data-columns-sm=\"1\" data-columns-xs=\"1\" data-columns-ss=\"1\"data-item-selector=\".kt-post-masonry-item\"><article class=\"kt-blocks-post-grid-item post-1994 post type-post status-publish format-standard has-post-thumbnail hentry category-temoignages-parcours-recherche\"><div class=\"kt-blocks-post-grid-item-inner-wrap kt-feat-image-align-left kt-feat-image-mobile-align-top\"><div class=\"kadence-post-image\"><div class=\"kadence-post-image-intrisic kt-image-ratio-133-33\" style=\"padding-bottom:133.33%\"><div class=\"kadence-post-image-inner-intrisic\"><a href=\"https:\/\/demographie.parisnanterre.fr\/staging\/ines-malroux-doctorante-en-demographie\/\" class=\"kadence-post-image-inner-wrap\"><img width=\"451\" height=\"600\" src=\"https:\/\/demographie.parisnanterre.fr\/staging\/wp-content\/uploads\/2022\/11\/image1.jpg\" class=\"attachment-large size-large wp-post-image\" alt=\"\" decoding=\"async\" loading=\"lazy\" srcset=\"https:\/\/demographie.parisnanterre.fr\/staging\/wp-content\/uploads\/2022\/11\/image1.jpg 451w, https:\/\/demographie.parisnanterre.fr\/staging\/wp-content\/uploads\/2022\/11\/image1-226x300.jpg 226w\" sizes=\"(max-width: 451px) 100vw, 451px\" \/><\/a><\/div><\/div><\/div><div class=\"kt-blocks-post-grid-item-inner\"><header><div class=\"kt-blocks-above-categories\"><a href=\"https:\/\/demographie.parisnanterre.fr\/staging\/category\/temoiganges\/temoignages-parcours-recherche\/\" rel=\"category tag\">T\u00e9moignages parcours recherche<\/a><\/div><h2 class=\"entry-title\"><a href=\"https:\/\/demographie.parisnanterre.fr\/staging\/ines-malroux-doctorante-en-demographie\/\"><strong>In\u00e8s Malroux\u00a0: Doctorante en d\u00e9mographie<\/strong><\/a><\/h2><div class=\"kt-blocks-post-top-meta\"><\/div><\/header><div class=\"entry-content\">Apr\u00e8s l\u2019obtention de ma licence de sociologie, je m\u2019interrogeais sur mon d\u00e9sir de faire de la recherche, et en particulier une th\u00e8se. En arrivant \u00e0 l\u2019universit\u00e9 de Nanterre, j\u2019ai eu&#8230;<\/div><footer class=\"kt-blocks-post-footer\"><div class=\"kt-blocks-post-footer-left\"><\/div><div class=\"kt-blocks-post-footer-right\"><\/div><\/footer><\/div><\/div><\/article><article class=\"kt-blocks-post-grid-item post-1905 post type-post status-publish format-standard has-post-thumbnail hentry category-temoignage\"><div class=\"kt-blocks-post-grid-item-inner-wrap kt-feat-image-align-left kt-feat-image-mobile-align-top\"><div class=\"kadence-post-image\"><div class=\"kadence-post-image-intrisic kt-image-ratio-133-33\" style=\"padding-bottom:133.33%\"><div class=\"kadence-post-image-inner-intrisic\"><a href=\"https:\/\/demographie.parisnanterre.fr\/staging\/edwin-marveaux-apprentissage-en-tant-que-charge-detudes-data-analyst-a-laspim\/\" class=\"kadence-post-image-inner-wrap\"><img width=\"732\" height=\"733\" src=\"https:\/\/demographie.parisnanterre.fr\/staging\/wp-content\/uploads\/2022\/11\/edwin_marveaux.jpg\" class=\"attachment-large size-large wp-post-image\" alt=\"\" decoding=\"async\" loading=\"lazy\" srcset=\"https:\/\/demographie.parisnanterre.fr\/staging\/wp-content\/uploads\/2022\/11\/edwin_marveaux.jpg 732w, https:\/\/demographie.parisnanterre.fr\/staging\/wp-content\/uploads\/2022\/11\/edwin_marveaux-300x300.jpg 300w, https:\/\/demographie.parisnanterre.fr\/staging\/wp-content\/uploads\/2022\/11\/edwin_marveaux-150x150.jpg 150w\" sizes=\"(max-width: 732px) 100vw, 732px\" \/><\/a><\/div><\/div><\/div><div class=\"kt-blocks-post-grid-item-inner\"><header><div class=\"kt-blocks-above-categories\"><a href=\"https:\/\/demographie.parisnanterre.fr\/staging\/category\/temoiganges\/temoignage\/\" rel=\"category tag\">T\u00e9moignage parcours pro<\/a><\/div><h2 class=\"entry-title\"><a href=\"https:\/\/demographie.parisnanterre.fr\/staging\/edwin-marveaux-apprentissage-en-tant-que-charge-detudes-data-analyst-a-laspim\/\">Edwin MARVEAUX, Apprentissage en tant que Charg\u00e9 d\u2019\u00e9tudes Data Analyst \u00e0 l\u2019ASPIM<\/a><\/h2><div class=\"kt-blocks-post-top-meta\"><\/div><\/header><div class=\"entry-content\">J\u2019ai fait mon apprentissage \u00e0 l\u2019ASPIM, l\u2019Association fran\u00e7aise des Soci\u00e9t\u00e9s de Placement Immobilier. Il s\u2019agit d\u2019une association professionnelle qui promeut, repr\u00e9sente et d\u00e9fend les int\u00e9r\u00eats de ses adh\u00e9rents, les gestionnaires&#8230;<\/div><footer class=\"kt-blocks-post-footer\"><div class=\"kt-blocks-post-footer-left\"><\/div><div class=\"kt-blocks-post-footer-right\"><\/div><\/footer><\/div><\/div><\/article><article class=\"kt-blocks-post-grid-item post-1924 post type-post status-publish format-standard has-post-thumbnail hentry category-temoignages-parcours-recherche\"><div class=\"kt-blocks-post-grid-item-inner-wrap kt-feat-image-align-left kt-feat-image-mobile-align-top\"><div class=\"kadence-post-image\"><div class=\"kadence-post-image-intrisic kt-image-ratio-133-33\" style=\"padding-bottom:133.33%\"><div class=\"kadence-post-image-inner-intrisic\"><a href=\"https:\/\/demographie.parisnanterre.fr\/staging\/hoel-berger-doctorant-en-demographie\/\" class=\"kadence-post-image-inner-wrap\"><img width=\"1024\" height=\"1010\" src=\"https:\/\/demographie.parisnanterre.fr\/staging\/wp-content\/uploads\/2022\/11\/hoel_berger-e1667489275638-1024x1010.jpg\" class=\"attachment-large size-large wp-post-image\" alt=\"\" decoding=\"async\" loading=\"lazy\" srcset=\"https:\/\/demographie.parisnanterre.fr\/staging\/wp-content\/uploads\/2022\/11\/hoel_berger-e1667489275638-1024x1010.jpg 1024w, https:\/\/demographie.parisnanterre.fr\/staging\/wp-content\/uploads\/2022\/11\/hoel_berger-e1667489275638-300x296.jpg 300w, https:\/\/demographie.parisnanterre.fr\/staging\/wp-content\/uploads\/2022\/11\/hoel_berger-e1667489275638-768x758.jpg 768w, https:\/\/demographie.parisnanterre.fr\/staging\/wp-content\/uploads\/2022\/11\/hoel_berger-e1667489275638.jpg 1124w\" sizes=\"(max-width: 1024px) 100vw, 1024px\" \/><\/a><\/div><\/div><\/div><div class=\"kt-blocks-post-grid-item-inner\"><header><div class=\"kt-blocks-above-categories\"><a href=\"https:\/\/demographie.parisnanterre.fr\/staging\/category\/temoiganges\/temoignages-parcours-recherche\/\" rel=\"category tag\">T\u00e9moignages parcours recherche<\/a><\/div><h2 class=\"entry-title\"><a href=\"https:\/\/demographie.parisnanterre.fr\/staging\/hoel-berger-doctorant-en-demographie\/\">Hoel Berger:\u00a0 Doctorant en d\u00e9mographie<\/a><\/h2><div class=\"kt-blocks-post-top-meta\"><\/div><\/header><div class=\"entry-content\">Je suis doctorant en deuxi\u00e8me ann\u00e9e \u00e0 l\u2019Universit\u00e9 Paris-Nanterre, en d\u00e9mographie-sociologie, financ\u00e9 par l\u2019EHED. J\u2019ai suivi leur formation compl\u00e8te de Master. En premi\u00e8re ann\u00e9e, j\u2019ai particip\u00e9 \u00e0 la r\u00e9daction collective&#8230;<\/div><footer class=\"kt-blocks-post-footer\"><div class=\"kt-blocks-post-footer-left\"><\/div><div class=\"kt-blocks-post-footer-right\"><\/div><\/footer><\/div><\/div><\/article><article class=\"kt-blocks-post-grid-item post-1908 post type-post status-publish format-standard has-post-thumbnail hentry category-temoignage\"><div class=\"kt-blocks-post-grid-item-inner-wrap kt-feat-image-align-left kt-feat-image-mobile-align-top\"><div class=\"kadence-post-image\"><div class=\"kadence-post-image-intrisic kt-image-ratio-133-33\" style=\"padding-bottom:133.33%\"><div class=\"kadence-post-image-inner-intrisic\"><a href=\"https:\/\/demographie.parisnanterre.fr\/staging\/maryt-hibaut-apprentissage-sncf-chargee-detudes-upn\/\" class=\"kadence-post-image-inner-wrap\"><img width=\"403\" height=\"604\" src=\"https:\/\/demographie.parisnanterre.fr\/staging\/wp-content\/uploads\/2022\/11\/marie_thibaut.jpg\" class=\"attachment-large size-large wp-post-image\" alt=\"\" decoding=\"async\" loading=\"lazy\" srcset=\"https:\/\/demographie.parisnanterre.fr\/staging\/wp-content\/uploads\/2022\/11\/marie_thibaut.jpg 403w, https:\/\/demographie.parisnanterre.fr\/staging\/wp-content\/uploads\/2022\/11\/marie_thibaut-200x300.jpg 200w\" sizes=\"(max-width: 403px) 100vw, 403px\" \/><\/a><\/div><\/div><\/div><div class=\"kt-blocks-post-grid-item-inner\"><header><div class=\"kt-blocks-above-categories\"><a href=\"https:\/\/demographie.parisnanterre.fr\/staging\/category\/temoiganges\/temoignage\/\" rel=\"category tag\">T\u00e9moignage parcours pro<\/a><\/div><h2 class=\"entry-title\"><a href=\"https:\/\/demographie.parisnanterre.fr\/staging\/maryt-hibaut-apprentissage-sncf-chargee-detudes-upn\/\">Mary Thibaut, Apprentissage SNCF, Charg\u00e9e d\u2019\u00e9tudes UPN<\/a><\/h2><div class=\"kt-blocks-post-top-meta\"><\/div><\/header><div class=\"entry-content\">Dipl\u00f4m\u00e9e du Master de Sociologie, parcours Etudes et Recherches en D\u00e9mographie, j\u2019ai effectu\u00e9 ma derni\u00e8re ann\u00e9e en contrat de professionnalisation \u00e0 la SNCF, au sein de la Direction G\u00e9n\u00e9rale de&#8230;<\/div><footer class=\"kt-blocks-post-footer\"><div class=\"kt-blocks-post-footer-left\"><\/div><div class=\"kt-blocks-post-footer-right\"><\/div><\/footer><\/div><\/div><\/article><article class=\"kt-blocks-post-grid-item post-1902 post type-post status-publish format-standard has-post-thumbnail hentry category-temoignage\"><div class=\"kt-blocks-post-grid-item-inner-wrap kt-feat-image-align-left kt-feat-image-mobile-align-top\"><div class=\"kadence-post-image\"><div class=\"kadence-post-image-intrisic kt-image-ratio-133-33\" style=\"padding-bottom:133.33%\"><div class=\"kadence-post-image-inner-intrisic\"><a href=\"https:\/\/demographie.parisnanterre.fr\/staging\/mathilde-danniel-apprentissage-chez-ipsos-aujourdhui-chargee-detudes-chez-ipsos\/\" class=\"kadence-post-image-inner-wrap\"><img width=\"1024\" height=\"683\" src=\"https:\/\/demographie.parisnanterre.fr\/staging\/wp-content\/uploads\/2022\/11\/student-gecdf768fc_1920-1024x683.jpg\" class=\"attachment-large size-large wp-post-image\" alt=\"\" decoding=\"async\" loading=\"lazy\" srcset=\"https:\/\/demographie.parisnanterre.fr\/staging\/wp-content\/uploads\/2022\/11\/student-gecdf768fc_1920-1024x683.jpg 1024w, https:\/\/demographie.parisnanterre.fr\/staging\/wp-content\/uploads\/2022\/11\/student-gecdf768fc_1920-300x200.jpg 300w, https:\/\/demographie.parisnanterre.fr\/staging\/wp-content\/uploads\/2022\/11\/student-gecdf768fc_1920-768x512.jpg 768w, https:\/\/demographie.parisnanterre.fr\/staging\/wp-content\/uploads\/2022\/11\/student-gecdf768fc_1920-1536x1024.jpg 1536w, https:\/\/demographie.parisnanterre.fr\/staging\/wp-content\/uploads\/2022\/11\/student-gecdf768fc_1920.jpg 1920w\" sizes=\"(max-width: 1024px) 100vw, 1024px\" \/><\/a><\/div><\/div><\/div><div class=\"kt-blocks-post-grid-item-inner\"><header><div class=\"kt-blocks-above-categories\"><a href=\"https:\/\/demographie.parisnanterre.fr\/staging\/category\/temoiganges\/temoignage\/\" rel=\"category tag\">T\u00e9moignage parcours pro<\/a><\/div><h2 class=\"entry-title\"><a href=\"https:\/\/demographie.parisnanterre.fr\/staging\/mathilde-danniel-apprentissage-chez-ipsos-aujourdhui-chargee-detudes-chez-ipsos\/\">Mathilde Danniel\u00a0: Apprentissage chez Ipsos- aujourd\u2019hui charg\u00e9e d\u2019\u00e9tudes chez Ipsos\u00a0:<\/a><\/h2><div class=\"kt-blocks-post-top-meta\"><\/div><\/header><div class=\"entry-content\">\u00ab&nbsp;\u00c0 la fin de ma 1\u02b3\u1d49 ann\u00e9e de master en sociologie, \u00e9tudes et recherche en d\u00e9mographie j&#8217;ai effectu\u00e9 2 mois de stage pendant les vacances d&#8217;\u00e9t\u00e9 dans le service &#8220;Statistique&#8230;<\/div><footer class=\"kt-blocks-post-footer\"><div class=\"kt-blocks-post-footer-left\"><\/div><div class=\"kt-blocks-post-footer-right\"><\/div><\/footer><\/div><\/div><\/article><\/div><\/div><!-- .wp-block-kadence-postgrid -->","protected":false},"excerpt":{"rendered":"","protected":false},"author":2,"featured_media":0,"parent":0,"menu_order":0,"comment_status":"closed","ping_status":"closed","template":"","meta":{"_kad_blocks_custom_css":"","_kad_blocks_head_custom_js":"","_kad_blocks_body_custom_js":"","_kad_blocks_footer_custom_js":"","_kad_post_transparent":"","_kad_post_title":"","_kad_post_layout":"","_kad_post_sidebar_id":"","_kad_post_content_style":"","_kad_post_vertical_padding":"","_kad_post_feature":"","_kad_post_feature_position":"","_kad_post_header":false,"_kad_post_footer":false},"featured_image_src_large":false,"author_info":{"display_name":"Pascal Sebille","author_link":"https:\/\/demographie.parisnanterre.fr\/staging\/author\/psebille\/"},"comment_info":0,"taxonomy_info":[],"_links":{"self":[{"href":"https:\/\/demographie.parisnanterre.fr\/staging\/wp-json\/wp\/v2\/pages\/1927"}],"collection":[{"href":"https:\/\/demographie.parisnanterre.fr\/staging\/wp-json\/wp\/v2\/pages"}],"about":[{"href":"https:\/\/demographie.parisnanterre.fr\/staging\/wp-json\/wp\/v2\/types\/page"}],"author":[{"embeddable":true,"href":"https:\/\/demographie.parisnanterre.fr\/staging\/wp-json\/wp\/v2\/users\/2"}],"replies":[{"embeddable":true,"href":"https:\/\/demographie.parisnanterre.fr\/staging\/wp-json\/wp\/v2\/comments?post=1927"}],"version-history":[{"count":2,"href":"https:\/\/demographie.parisnanterre.fr\/staging\/wp-json\/wp\/v2\/pages\/1927\/revisions"}],"predecessor-version":[{"id":2090,"href":"https:\/\/demographie.parisnanterre.fr\/staging\/wp-json\/wp\/v2\/pages\/1927\/revisions\/2090"}],"wp:attachment":[{"href":"https:\/\/demographie.parisnanterre.fr\/staging\/wp-json\/wp\/v2\/media?parent=1927"}],"curies":[{"name":"wp","href":"https:\/\/api.w.org\/{rel}","templated":true}]}}